83 = -161, 2*u = 3*g - 136. Calculate the highest common factor of n and g.
16
Let n(r) = -138*r + 10106. Let z be n(73). What is the highest common factor of z and 3152?
16
Let s be 2032*(0 - -1)*98/196. Calculate the highest common factor of 16 and s.
8
Let c(i) = -4*i**3 - 67*i**2 + 35*i + 309. Let o be c(-17). Let z(v) = -27*v + 3. Let t be z(-7). What is the greatest common divisor of t and o?
3
Suppose 4*g + 4 = 0, -3*q + 3*g + 2*g = -110. Let o = 343 - 140. Suppose 112 + o = 9*i. Calculate the highest common divisor of i and q.
35
Let y(w) = -2*w**2 - 10*w + 10. Suppose -6*d + 0*d - 66 = 0. Let g be y(d). Let v = -93 - g. Calculate the highest common factor of v and 232.
29
Let h(t) = 29*t + 55. Let n be h(4). Suppose x - 83 = 4*j - 3*j, 2*x - n = j. Calculate the greatest common factor of 616 and x.
88
Suppose -1343*t = -1342*t - 805. What is the greatest common divisor of 140 and t?
35
Suppose -5*s - 255 = -3*o, 4*o - 4*s - 78 = 3*o. Calculate the greatest common factor of 490 and o.
10
Suppose 7*f - 42 - 21 = 0. Suppose 3*l - 6*l = -120. Suppose 14*m - l = f*m. Calculate the greatest common factor of 32 and m.
8
Suppose 159*s = 161*s - 48. Calculate the greatest common divisor of 15 and s.
3
Let n = -6473 + 6501. What is the highest common divisor of n and 712?
4
Suppose 10 = -p - 2*g, -16*p - 22 = -11*p + 3*g. Let i be (-13 + 11)/(p/(-56))*-1. Calculate the greatest common divisor of i and 8.
8
Let d = -18108 - -26370. Calculate the highest common factor of 204 and d.
102
Let n = -1994 + 2842. Let q = n - 397. Suppose -69 = -5*k + 136. What is the greatest common factor of q and k?
41
Suppose -465 = -k + 6*k. Let w be (14 - 0 - 4)/(6/(-33)). Let c = w - k. What is the highest common factor of 95 and c?
19
Let p = 25376 - 23896. Calculate the highest common divisor of 8584 and p.
296
Let y be (-5 - (-30)/18)*-36. Suppose -18*a + 6*a + y = 0. What is the greatest common divisor of 75 and a?
5
Let i = -3197 - -3253. What is the highest common factor of i and 200?
8
Suppose 0 = 26*s - 2*s - 744. Suppose 0 = h - 2*n + s - 59, -10 = 2*n. What is the highest common factor of h and 90?
18
Let s be ((-30)/(-40) - (-2190)/(-168))/(1/(-7)). Calculate the greatest common factor of 2924 and s.
86
Let g = 149 + -149. Let o be g + 1/((-3)/138). Let n = o - -64. Calculate the greatest common factor of n and 144.
18
Suppose -2*u + 10 - 4 = 0. Suppose u*c = -332 + 20. Let r = -56 - c. What is the highest common factor of 32 and r?
16
Let q(s) = -16*s**3 + 16*s**2 + 29*s - 3. Let o be q(-2). What is the greatest common factor of o and 2096?
131
Let p be (-4)/1*((1 - 2) + 0). Suppose -39 - 117 = -p*o. Suppose 0 = -2*b + 383 - o. What is the highest common factor of b and 43?
43
Suppose l - 237 + 207 = 5*v, -l = 5*v - 30. Calculate the highest common divisor of l and 5070.
30
Let i(m) = -m**3 + 20*m**2 + 121*m - 4. Let k be i(17). Calculate the greatest common divisor of k and 8.
8
Suppose 4*n = -12, 10*b - 6*b - 351 = -3*n. Calculate the greatest common factor of 30 and b.
30
Let h(z) = -62*z - 74. Let j be h(-2). Suppose -l + 5*l - 200 = 0. Suppose -5 = -2*q - 3*i, 4*i + l = 3*q - 0*i. What is the highest common divisor of j and q?
10
Suppose -921 = -x + j, -5*x - 2*j + 3216 = -1361. Calculate the greatest common factor of x and 1703.
131
Let h be (-6)/(12/(-1030)) - (165 + -158). Calculate the greatest common factor of h and 16.
4
Suppose 4*s + 27 = 47. Suppose -28 = 2*m - 3*y - 67, 0 = -5*m - s*y + 35. Let k be (-2 + 2 - -48)/1. Calculate the greatest common divisor of m and k.
12
Let l = 35 - 6. Let h be (-27)/((-108)/20) + -4. What is the greatest common factor of l and h?
1
Let r(h) = 14*h + 412 - 581 - h + 19*h. Let d be r(7). What is the highest common divisor of 10 and d?
5
Let h(y) = -2*y**2 - 262*y - 5890. Let g be h(-30). Calculate the greatest common factor of g and 310.
10
Let x be 1/6 - 849/18. Let t = x + 39. Let g be ((-4)/t - 2)*-2. Calculate the highest common divisor of 12 and g.
3
Suppose -441 = -3*z + 4*s + 333, -5*z - s = -1244. What is the highest common divisor of 2 and z?
2
Let l be (-36)/44*-1 + (-2)/(-11). Let a be (14/8 - l)*(-16)/(-12). Let b be ((-28)/(-36) - a) + (-1138)/(-18). Calculate the highest common divisor of b and 9.
9
Suppose -16 = -430*k + 422*k. Suppose 6*l - 12 - 78 = 0. Let n = l + 1. Calculate the greatest common factor of n and k.
2
Suppose w + 445 = 2*x, -361 = -2*x + 32*w - 3*w. Calculate the greatest common divisor of 88 and x.
8
Let b be -2*(-290 + 4*3/2). Calculate the highest common factor of b and 6.
2
Let v be ((-17838)/(-15))/((442/(-65))/(-17)) - -8. What is the greatest common factor of 44 and v?
11
Suppose -2*s + 2*j + 350 = -0*j, 4*s - 5*j = 704. What is the greatest common factor of 180 and s?
9
Suppose -67*w + 2430 = -58*w. Suppose -2*a + 6*a = 72. Calculate the highest common factor of w and a.
18
Let u(r) = -r**3 - 6*r**2 + 14*r + 15. Let o be u(-10). Let w(j) = -j**3 - 13*j**2 - 14*j + 1. Let n be w(-12). What is the greatest common divisor of o and n?
25
Let v be 124/(-93) - (-1370 + (-4)/(-6)*1). Calculate the highest common divisor of 1216 and v.
152
Suppose -10*b + 6182 = 1072. Let i be b/70 - (-6)/(-20). Calculate the highest common divisor of 7 and i.
7
Suppose -6 = -3*z + 5*f, 0 = -4*z - 2*f - 2*f - 24. Let v be (117/(-15))/(z/15). Calculate the highest common factor of v and 26.
13
Let q(y) = 63*y**2 - 65*y + 7. Let s be q(6). Calculate the greatest common divisor of s and 1740.
145
Let i be 9*((-7)/(-3) + -1). Let t be -6 - (-8 + 8)/3. Let m be (4 + t)*(-18 + -12). What is the highest common divisor of m and i?
12
Let s(v) = 2*v**2 - v - 34. Let a be (3 - 3)/(-1) + (4 - -3). Let r be s(a). What is the highest common factor of 3 and r?
3
Let p = -20645 + 20696. Calculate the highest common factor of p and 9435.
51
Let o be 6 + -1 + 2 + -164 + 167. What is the greatest common divisor of o and 410?
10
Let p be 1148/(-18) + 2/(-9). Suppose -48*d + 72 = -27 + 3. Let u be 5/((-20)/p) + d*-2. Calculate the greatest common divisor of 132 and u.
12
Let i = 38 + -20. Let p be 14 - (-15)/(450/(-36) - -14). Calculate the highest common divisor of p and i.
6
Suppose j - 4 = -o + 20, 0 = 5*o - 3*j - 120. Suppose -3*z - 2*w + 286 = 0, 5*z - w - 81 = 400. Calculate the greatest common divisor of z and o.
24
Let x = -4814 + 4964. Calculate the highest common divisor of 9 and x.
3
Suppose -k + 4*k - 33 = 0. Let j(m) = m - 1. Let d(r) = 10*r + 12. Let a(f) = 2*d(f) + 2*j(f). Let o be a(4). Calculate the highest common divisor of o and k.
11
Let k(q) = -q**3 + 4*q**2 - 4*q + 5. Let n be k(2). Suppose -372 = -2*t - 4*a, -2*t + 3*t - n*a - 207 = 0. Calculate the highest common divisor of 32 and t.
32
Suppose 2*f = -4 + 84. Let i = -116 + 122. Suppose -i*j = -2552 + 392. Calculate the greatest common divisor of f and j.
40
Let k = 74 - 77. Let t be 63 - -2 - (0 - (-3 - k)). Calculate the highest common factor of 52 and t.
13
Let k be (10 - (-13 - -9))*4/14. Suppose -5*x + 0*j - k*j + 717 = 0, -3*j - 586 = -4*x. Calculate the greatest common divisor of x and 20.
5
Suppose -15178 = -29*m - 1867. What is the highest common divisor of 323 and m?
17
Suppose -3*q = 2*o - 1802, -4*q + 2*q = -5*o + 4467. Calculate the highest common factor of 15 and o.
5
Let n(j) = 5*j + 7. Let o be (5 + (-18)/3)*1. Let v be n(o). Suppose 45 = v*z - 5. Calculate the highest common factor of z and 125.
25
Let r be 1*(52/390 + 1106/30). What is the greatest common divisor of r and 4736?
37
Suppose 3*r = 3*z - 993, -5*r + 4*r - 660 = -2*z. What is the greatest common divisor of z and 7?
7
Suppose 4*u + y = 6*y + 3, -4 = -4*u + 4*y. Suppose u*b = -3*b - 15, 3*b - 1 = -2*t. Suppose 16 = 7*m - t. Calculate the greatest common divisor of m and 2.
1
Suppose -50*i + 26350 = 12*i. Suppose 53 = 3*o - 22. Calculate the greatest common factor of o and i.
25
Let i = 6 + -6. Suppose -f - f + 24 = i. Let p(g) = -2*g - 11. Let r be p(-7). What is the greatest common divisor of f and r?
3
Suppose 6798 = 64*i - 11762. What is the highest common divisor of i and 406?
58
Suppose -5*w + 4*a - 11 = 0, -3*w = -3*a + 6 - 0. Suppose c - 32 = -c + 3*l, -4*c = -5*l - 60. Let s = c + w. What is the greatest common divisor of s and 1?
1
Let c be 96/(